127.0.0.1 - - [04/Jul/2024:13:44:15 +0800] "PUT /nacos/v1/ns/instance/beat?app=unknown&serviceName=DEFAULT_GROUP%40%40jeecg-monitor&namespaceId=public&port=9111&clusterName=DEFAULT&ip=192.168.56.1 HTTP/1.1" 200 75 2
127.0.0.1 - - [04/Jul/2024:13:44:20 +0800] "GET /nacos/v1/ns/instance/list?app=unknown&healthyOnly=false&namespaceId=public&clientIP=127.0.0.1&serviceName=DEFAULT_GROUP%40%40jeecg-monitor&udpPort=61939&clusters= HTTP/1.1" 200 649 1
127.0.0.1 - - [04/Jul/2024:13:44:20 +0800] "PUT /nacos/v1/ns/instance/beat?app=unknown&serviceName=DEFAULT_GROUP%40%40jeecg-monitor&namespaceId=public&port=9111&clusterName=DEFAULT&ip=192.168.56.1 HTTP/1.1" 200 75 1
127.0.0.1 - - [04/Jul/2024:13:44:20 +0800] "GET /nacos/v1/ns/instance/list?app=unknown&healthyOnly=false&namespaceId=public&clientIP=127.0.0.1&serviceName=DEFAULT_GROUP%40%40jeecg-monitor&udpPort=61939&clusters=DEFAULT HTTP/1.1" 200 656 1
127.0.0.1 - - [04/Jul/2024:13:44:23 +0800] "GET /nacos/v1/ns/operator/metrics?app=unknown&namespaceId=public HTTP/1.1" 200 25 0
127.0.0.1 - - [04/Jul/2024:13:44:23 +0800] "GET /nacos/v1/ns/service/list?app=unknown&pageSize=2147483647&groupName=DEFAULT_GROUP&namespaceId=public&pageNo=1 HTTP/1.1" 200 47 1
127.0.0.1 - - [04/Jul/2024:13:44:25 +0800] "PUT /nacos/v1/ns/instance/beat?app=unknown&serviceName=DEFAULT_GROUP%40%40jeecg-monitor&namespaceId=public&port=9111&clusterName=DEFAULT&ip=192.168.56.1 HTTP/1.1" 200 75 1
127.0.0.1 - - [04/Jul/2024:13:44:30 +0800] "GET /nacos/v1/ns/instance/list?app=unknown&healthyOnly=false&namespaceId=public&clientIP=127.0.0.1&serviceName=DEFAULT_GROUP%40%40jeecg-monitor&udpPort=61939&clusters= HTTP/1.1" 200 649 1
127.0.0.1 - - [04/Jul/2024:13:44:30 +0800] "PUT /nacos/v1/ns/instance/beat?app=unknown&serviceName=DEFAULT_GROUP%40%40jeecg-monitor&namespaceId=public&port=9111&clusterName=DEFAULT&ip=192.168.56.1 HTTP/1.1" 200 75 2
127.0.0.1 - - [04/Jul/2024:13:44:30 +0800] "GET /nacos/v1/ns/instance/list?app=unknown&healthyOnly=false&namespaceId=public&clientIP=127.0.0.1&serviceName=DEFAULT_GROUP%40%40jeecg-monitor&udpPort=61939&clusters=DEFAULT HTTP/1.1" 200 656 0
127.0.0.1 - - [04/Jul/2024:13:44:31 +0800] "GET /nacos/v1/ns/service/list?app=unknown&pageSize=2147483647&groupName=DEFAULT_GROUP&namespaceId=public&pageNo=1 HTTP/1.1" 200 47 1
127.0.0.1 - - [04/Jul/2024:13:44:35 +0800] "PUT /nacos/v1/ns/instance/beat?app=unknown&serviceName=DEFAULT_GROUP%40%40jeecg-monitor&namespaceId=public&port=9111&clusterName=DEFAULT&ip=192.168.56.1 HTTP/1.1" 200 75 1
127.0.0.1 - - [04/Jul/2024:13:44:40 +0800] "GET /nacos/v1/ns/instance/list?app=unknown&healthyOnly=false&namespaceId=public&clientIP=127.0.0.1&serviceName=DEFAULT_GROUP%40%40jeecg-monitor&udpPort=61939&clusters= HTTP/1.1" 200 649 1
127.0.0.1 - - [04/Jul/2024:13:44:40 +0800] "PUT /nacos/v1/ns/instance/beat?app=unknown&serviceName=DEFAULT_GROUP%40%40jeecg-monitor&namespaceId=public&port=9111&clusterName=DEFAULT&ip=192.168.56.1 HTTP/1.1" 200 75 1
127.0.0.1 - - [04/Jul/2024:13:44:40 +0800] "GET /nacos/v1/ns/instance/list?app=unknown&healthyOnly=false&namespaceId=public&clientIP=127.0.0.1&serviceName=DEFAULT_GROUP%40%40jeecg-monitor&udpPort=61939&clusters=DEFAULT HTTP/1.1" 200 656 1
127.0.0.1 - - [04/Jul/2024:13:44:43 +0800] "GET /nacos/v1/ns/operator/metrics?app=unknown&namespaceId=public HTTP/1.1" 200 25 0
127.0.0.1 - - [04/Jul/2024:13:44:43 +0800] "GET /nacos/v1/ns/service/list?app=unknown&pageSize=2147483647&groupName=DEFAULT_GROUP&namespaceId=public&pageNo=1 HTTP/1.1" 200 47 2
127.0.0.1 - - [04/Jul/2024:13:44:45 +0800] "PUT /nacos/v1/ns/instance/beat?app=unknown&serviceName=DEFAULT_GROUP%40%40jeecg-monitor&namespaceId=public&port=9111&clusterName=DEFAULT&ip=192.168.56.1 HTTP/1.1" 200 75 2
0:0:0:0:0:0:0:1 - - [04/Jul/2024:13:44:49 +0800] "GET /nacos/v1/cs/configs?dataId=&group=&appName=&config_tags=&pageNo=1&pageSize=10&tenant=a7112341-c9e2-4177-bc5b-0d2e8cf0b3bb&search=accurate&accessToken=eyJhbGciOiJIUzI1NiJ9.eyJzdWIiOiJuYWNvcyIsImV4cCI6MTcxODk1MjQzNn0.UVZUogoC4fFN9ZPO7N4UHN5xwGQ2FQXGkaQUGaaj-40&username=nacos HTTP/1.1" 200 26919 15
127.0.0.1 - - [04/Jul/2024:13:44:50 +0800] "GET /nacos/v1/ns/instance/list?app=unknown&healthyOnly=false&namespaceId=public&clientIP=127.0.0.1&serviceName=DEFAULT_GROUP%40%40jeecg-monitor&udpPort=61939&clusters= HTTP/1.1" 200 649 1
127.0.0.1 - - [04/Jul/2024:13:44:50 +0800] "PUT /nacos/v1/ns/instance/beat?app=unknown&serviceName=DEFAULT_GROUP%40%40jeecg-monitor&namespaceId=public&port=9111&clusterName=DEFAULT&ip=192.168.56.1 HTTP/1.1" 200 75 1
127.0.0.1 - - [04/Jul/2024:13:44:50 +0800] "GET /nacos/v1/ns/instance/list?app=unknown&healthyOnly=false&namespaceId=public&clientIP=127.0.0.1&serviceName=DEFAULT_GROUP%40%40jeecg-monitor&udpPort=61939&clusters=DEFAULT HTTP/1.1" 200 656 1
0:0:0:0:0:0:0:1 - - [04/Jul/2024:13:44:50 +0800] "GET /nacos/v1/cs/configs?dataId=&group=&appName=&config_tags=&pageNo=1&pageSize=10&tenant=a7112341-c9e2-4177-bc5b-0d2e8cf0b3bb&search=accurate&accessToken=eyJhbGciOiJIUzI1NiJ9.eyJzdWIiOiJuYWNvcyIsImV4cCI6MTcxODk1MjQzNn0.UVZUogoC4fFN9ZPO7N4UHN5xwGQ2FQXGkaQUGaaj-40&username=nacos HTTP/1.1" 200 26919 10
127.0.0.1 - - [04/Jul/2024:13:44:55 +0800] "PUT /nacos/v1/ns/instance/beat?app=unknown&serviceName=DEFAULT_GROUP%40%40jeecg-monitor&namespaceId=public&port=9111&clusterName=DEFAULT&ip=192.168.56.1 HTTP/1.1" 200 75 0
0:0:0:0:0:0:0:1 - - [04/Jul/2024:13:44:55 +0800] "GET /nacos/v1/cs/configs?dataId=&group=&appName=&config_tags=&pageNo=1&pageSize=10&tenant=a7112341-c9e2-4177-bc5b-0d2e8cf0b3bb&search=accurate&accessToken=eyJhbGciOiJIUzI1NiJ9.eyJzdWIiOiJuYWNvcyIsImV4cCI6MTcxODk1MjQzNn0.UVZUogoC4fFN9ZPO7N4UHN5xwGQ2FQXGkaQUGaaj-40&username=nacos HTTP/1.1" 200 26919 7
0:0:0:0:0:0:0:1 - - [04/Jul/2024:13:44:56 +0800] "GET /nacos/v1/cs/configs?dataId=&group=&appName=&config_tags=&pageNo=1&pageSize=10&tenant=a7112341-c9e2-4177-bc5b-0d2e8cf0b3bb&search=accurate&accessToken=eyJhbGciOiJIUzI1NiJ9.eyJzdWIiOiJuYWNvcyIsImV4cCI6MTcxODk1MjQzNn0.UVZUogoC4fFN9ZPO7N4UHN5xwGQ2FQXGkaQUGaaj-40&username=nacos HTTP/1.1" 200 26919 7
127.0.0.1 - - [04/Jul/2024:13:45:00 +0800] "GET /nacos/v1/ns/instance/list?app=unknown&healthyOnly=false&namespaceId=public&clientIP=127.0.0.1&serviceName=DEFAULT_GROUP%40%40jeecg-monitor&udpPort=61939&clusters= HTTP/1.1" 200 649 2
127.0.0.1 - - [04/Jul/2024:13:45:00 +0800] "PUT /nacos/v1/ns/instance/beat?app=unknown&serviceName=DEFAULT_GROUP%40%40jeecg-monitor&namespaceId=public&port=9111&clusterName=DEFAULT&ip=192.168.56.1 HTTP/1.1" 200 75 1
127.0.0.1 - - [04/Jul/2024:13:45:00 +0800] "GET /nacos/v1/ns/instance/list?app=unknown&healthyOnly=false&namespaceId=public&clientIP=127.0.0.1&serviceName=DEFAULT_GROUP%40%40jeecg-monitor&udpPort=61939&clusters=DEFAULT HTTP/1.1" 200 656 2
127.0.0.1 - - [04/Jul/2024:13:45:01 +0800] "GET /nacos/v1/ns/service/list?app=unknown&pageSize=2147483647&groupName=DEFAULT_GROUP&namespaceId=public&pageNo=1 HTTP/1.1" 200 47 1
127.0.0.1 - - [04/Jul/2024:13:45:03 +0800] "GET /nacos/v1/ns/operator/metrics?app=unknown&namespaceId=public HTTP/1.1" 200 25 0
127.0.0.1 - - [04/Jul/2024:13:45:03 +0800] "GET /nacos/v1/ns/service/list?app=unknown&pageSize=2147483647&groupName=DEFAULT_GROUP&namespaceId=public&pageNo=1 HTTP/1.1" 200 47 1
127.0.0.1 - - [04/Jul/2024:13:45:05 +0800] "PUT /nacos/v1/ns/instance/beat?app=unknown&serviceName=DEFAULT_GROUP%40%40jeecg-monitor&namespaceId=public&port=9111&clusterName=DEFAULT&ip=192.168.56.1 HTTP/1.1" 200 75 1
127.0.0.1 - - [04/Jul/2024:13:45:10 +0800] "GET /nacos/v1/ns/instance/list?app=unknown&healthyOnly=false&namespaceId=public&clientIP=127.0.0.1&serviceName=DEFAULT_GROUP%40%40jeecg-monitor&udpPort=61939&clusters= HTTP/1.1" 200 649 2
127.0.0.1 - - [04/Jul/2024:13:45:10 +0800] "PUT /nacos/v1/ns/instance/beat?app=unknown&serviceName=DEFAULT_GROUP%40%40jeecg-monitor&namespaceId=public&port=9111&clusterName=DEFAULT&ip=192.168.56.1 HTTP/1.1" 200 75 1
127.0.0.1 - - [04/Jul/2024:13:45:10 +0800] "GET /nacos/v1/ns/instance/list?app=unknown&healthyOnly=false&namespaceId=public&clientIP=127.0.0.1&serviceName=DEFAULT_GROUP%40%40jeecg-monitor&udpPort=61939&clusters=DEFAULT HTTP/1.1" 200 656 1
127.0.0.1 - - [04/Jul/2024:13:45:15 +0800] "PUT /nacos/v1/ns/instance/beat?app=unknown&serviceName=DEFAULT_GROUP%40%40jeecg-monitor&namespaceId=public&port=9111&clusterName=DEFAULT&ip=192.168.56.1 HTTP/1.1" 200 75 2
127.0.0.1 - - [04/Jul/2024:13:45:20 +0800] "GET /nacos/v1/ns/instance/list?app=unknown&healthyOnly=false&namespaceId=public&clientIP=127.0.0.1&serviceName=DEFAULT_GROUP%40%40jeecg-monitor&udpPort=61939&clusters= HTTP/1.1" 200 649 1
127.0.0.1 - - [04/Jul/2024:13:45:20 +0800] "GET /nacos/v1/ns/instance/list?app=unknown&healthyOnly=false&namespaceId=public&clientIP=127.0.0.1&serviceName=DEFAULT_GROUP%40%40jeecg-monitor&udpPort=61939&clusters=DEFAULT HTTP/1.1" 200 656 2
127.0.0.1 - - [04/Jul/2024:13:45:20 +0800] "PUT /nacos/v1/ns/instance/beat?app=unknown&serviceName=DEFAULT_GROUP%40%40jeecg-monitor&namespaceId=public&port=9111&clusterName=DEFAULT&ip=192.168.56.1 HTTP/1.1" 200 75 2
127.0.0.1 - - [04/Jul/2024:13:45:23 +0800] "GET /nacos/v1/ns/operator/metrics?app=unknown&namespaceId=public HTTP/1.1" 200 25 0
127.0.0.1 - - [04/Jul/2024:13:45:23 +0800] "GET /nacos/v1/ns/service/list?app=unknown&pageSize=2147483647&groupName=DEFAULT_GROUP&namespaceId=public&pageNo=1 HTTP/1.1" 200 47 0
0:0:0:0:0:0:0:1 - - [04/Jul/2024:13:45:24 +0800] "GET /nacos/v1/cs/configs?dataId=&group=&appName=&config_tags=&pageNo=1&pageSize=10&tenant=&search=accurate&accessToken=eyJhbGciOiJIUzI1NiJ9.eyJzdWIiOiJuYWNvcyIsImV4cCI6MTcxODk1MjQzNn0.UVZUogoC4fFN9ZPO7N4UHN5xwGQ2FQXGkaQUGaaj-40&username=nacos HTTP/1.1" 200 11079 5
127.0.0.1 - - [04/Jul/2024:13:45:25 +0800] "PUT /nacos/v1/ns/instance/beat?app=unknown&serviceName=DEFAULT_GROUP%40%40jeecg-monitor&namespaceId=public&port=9111&clusterName=DEFAULT&ip=192.168.56.1 HTTP/1.1" 200 75 3
0:0:0:0:0:0:0:1 - - [04/Jul/2024:13:45:26 +0800] "GET /nacos/v1/cs/configs?dataId=&group=&appName=&config_tags=&pageNo=1&pageSize=10&tenant=a7112341-c9e2-4177-bc5b-0d2e8cf0b3bb&search=accurate&accessToken=eyJhbGciOiJIUzI1NiJ9.eyJzdWIiOiJuYWNvcyIsImV4cCI6MTcxODk1MjQzNn0.UVZUogoC4fFN9ZPO7N4UHN5xwGQ2FQXGkaQUGaaj-40&username=nacos HTTP/1.1" 200 26919 5
0:0:0:0:0:0:0:1 - - [04/Jul/2024:13:45:29 +0800] "GET /nacos/v1/cs/configs?dataId=&group=&appName=&config_tags=&pageNo=1&pageSize=10&tenant=&search=accurate&accessToken=eyJhbGciOiJIUzI1NiJ9.eyJzdWIiOiJuYWNvcyIsImV4cCI6MTcxODk1MjQzNn0.UVZUogoC4fFN9ZPO7N4UHN5xwGQ2FQXGkaQUGaaj-40&username=nacos HTTP/1.1" 200 11079 6
127.0.0.1 - - [04/Jul/2024:13:45:30 +0800] "GET /nacos/v1/ns/instance/list?app=unknown&healthyOnly=false&namespaceId=public&clientIP=127.0.0.1&serviceName=DEFAULT_GROUP%40%40jeecg-monitor&udpPort=61939&clusters= HTTP/1.1" 200 649 3
127.0.0.1 - - [04/Jul/2024:13:45:30 +0800] "GET /nacos/v1/ns/instance/list?app=unknown&healthyOnly=false&namespaceId=public&clientIP=127.0.0.1&serviceName=DEFAULT_GROUP%40%40jeecg-monitor&udpPort=61939&clusters=DEFAULT HTTP/1.1" 200 656 2
127.0.0.1 - - [04/Jul/2024:13:45:30 +0800] "PUT /nacos/v1/ns/instance/beat?app=unknown&serviceName=DEFAULT_GROUP%40%40jeecg-monitor&namespaceId=public&port=9111&clusterName=DEFAULT&ip=192.168.56.1 HTTP/1.1" 200 75 2
127.0.0.1 - - [04/Jul/2024:13:45:32 +0800] "GET /nacos/v1/ns/service/list?app=unknown&pageSize=2147483647&groupName=DEFAULT_GROUP&namespaceId=public&pageNo=1 HTTP/1.1" 200 47 1
0:0:0:0:0:0:0:1 - - [04/Jul/2024:13:45:34 +0800] "GET /nacos/v1/cs/configs?dataId=&group=&appName=&config_tags=&pageNo=1&pageSize=10&tenant=a7112341-c9e2-4177-bc5b-0d2e8cf0b3bb&search=accurate&accessToken=eyJhbGciOiJIUzI1NiJ9.eyJzdWIiOiJuYWNvcyIsImV4cCI6MTcxODk1MjQzNn0.UVZUogoC4fFN9ZPO7N4UHN5xwGQ2FQXGkaQUGaaj-40&username=nacos HTTP/1.1" 200 26919 9
127.0.0.1 - - [04/Jul/2024:13:45:35 +0800] "PUT /nacos/v1/ns/instance/beat?app=unknown&serviceName=DEFAULT_GROUP%40%40jeecg-monitor&namespaceId=public&port=9111&clusterName=DEFAULT&ip=192.168.56.1 HTTP/1.1" 200 75 1
127.0.0.1 - - [04/Jul/2024:13:45:40 +0800] "GET /nacos/v1/ns/instance/list?app=unknown&healthyOnly=false&namespaceId=public&clientIP=127.0.0.1&serviceName=DEFAULT_GROUP%40%40jeecg-monitor&udpPort=61939&clusters= HTTP/1.1" 200 649 2
127.0.0.1 - - [04/Jul/2024:13:45:40 +0800] "GET /nacos/v1/ns/instance/list?app=unknown&healthyOnly=false&namespaceId=public&clientIP=127.0.0.1&serviceName=DEFAULT_GROUP%40%40jeecg-monitor&udpPort=61939&clusters=DEFAULT HTTP/1.1" 200 656 2
127.0.0.1 - - [04/Jul/2024:13:45:40 +0800] "PUT /nacos/v1/ns/instance/beat?app=unknown&serviceName=DEFAULT_GROUP%40%40jeecg-monitor&namespaceId=public&port=9111&clusterName=DEFAULT&ip=192.168.56.1 HTTP/1.1" 200 75 1
0:0:0:0:0:0:0:1 - - [04/Jul/2024:13:45:41 +0800] "GET /nacos/v1/cs/configs?dataId=&group=&appName=&config_tags=&pageNo=1&pageSize=10&tenant=a7112341-c9e2-4177-bc5b-0d2e8cf0b3bb&search=accurate&accessToken=eyJhbGciOiJIUzI1NiJ9.eyJzdWIiOiJuYWNvcyIsImV4cCI6MTcxODk1MjQzNn0.UVZUogoC4fFN9ZPO7N4UHN5xwGQ2FQXGkaQUGaaj-40&username=nacos HTTP/1.1" 200 26919 4
127.0.0.1 - - [04/Jul/2024:13:45:43 +0800] "GET /nacos/v1/ns/operator/metrics?app=unknown&namespaceId=public HTTP/1.1" 200 25 1
127.0.0.1 - - [04/Jul/2024:13:45:43 +0800] "GET /nacos/v1/ns/service/list?app=unknown&pageSize=2147483647&groupName=DEFAULT_GROUP&namespaceId=public&pageNo=1 HTTP/1.1" 200 47 1
127.0.0.1 - - [04/Jul/2024:13:45:45 +0800] "PUT /nacos/v1/ns/instance/beat?app=unknown&serviceName=DEFAULT_GROUP%40%40jeecg-monitor&namespaceId=public&port=9111&clusterName=DEFAULT&ip=192.168.56.1 HTTP/1.1" 200 75 2
127.0.0.1 - - [04/Jul/2024:13:45:50 +0800] "GET /nacos/v1/ns/instance/list?app=unknown&healthyOnly=false&namespaceId=public&clientIP=127.0.0.1&serviceName=DEFAULT_GROUP%40%40jeecg-monitor&udpPort=61939&clusters= HTTP/1.1" 200 649 1
127.0.0.1 - - [04/Jul/2024:13:45:50 +0800] "GET /nacos/v1/ns/instance/list?app=unknown&healthyOnly=false&namespaceId=public&clientIP=127.0.0.1&serviceName=DEFAULT_GROUP%40%40jeecg-monitor&udpPort=61939&clusters=DEFAULT HTTP/1.1" 200 656 2
127.0.0.1 - - [04/Jul/2024:13:45:50 +0800] "PUT /nacos/v1/ns/instance/beat?app=unknown&serviceName=DEFAULT_GROUP%40%40jeecg-monitor&namespaceId=public&port=9111&clusterName=DEFAULT&ip=192.168.56.1 HTTP/1.1" 200 75 2
127.0.0.1 - - [04/Jul/2024:13:45:55 +0800] "PUT /nacos/v1/ns/instance/beat?app=unknown&serviceName=DEFAULT_GROUP%40%40jeecg-monitor&namespaceId=public&port=9111&clusterName=DEFAULT&ip=192.168.56.1 HTTP/1.1" 200 75 2
127.0.0.1 - - [04/Jul/2024:13:46:00 +0800] "GET /nacos/v1/ns/instance/list?app=unknown&healthyOnly=false&namespaceId=public&clientIP=127.0.0.1&serviceName=DEFAULT_GROUP%40%40jeecg-monitor&udpPort=61939&clusters= HTTP/1.1" 200 649 2
127.0.0.1 - - [04/Jul/2024:13:46:00 +0800] "GET /nacos/v1/ns/instance/list?app=unknown&healthyOnly=false&namespaceId=public&clientIP=127.0.0.1&serviceName=DEFAULT_GROUP%40%40jeecg-monitor&udpPort=61939&clusters=DEFAULT HTTP/1.1" 200 656 1
127.0.0.1 - - [04/Jul/2024:13:46:00 +0800] "PUT /nacos/v1/ns/instance/beat?app=unknown&serviceName=DEFAULT_GROUP%40%40jeecg-monitor&namespaceId=public&port=9111&clusterName=DEFAULT&ip=192.168.56.1 HTTP/1.1" 200 75 2
127.0.0.1 - - [04/Jul/2024:13:46:02 +0800] "GET /nacos/v1/ns/service/list?app=unknown&pageSize=2147483647&groupName=DEFAULT_GROUP&namespaceId=public&pageNo=1 HTTP/1.1" 200 47 1
127.0.0.1 - - [04/Jul/2024:13:46:03 +0800] "GET /nacos/v1/ns/operator/metrics?app=unknown&namespaceId=public HTTP/1.1" 200 25 0
127.0.0.1 - - [04/Jul/2024:13:46:03 +0800] "GET /nacos/v1/ns/service/list?app=unknown&pageSize=2147483647&groupName=DEFAULT_GROUP&namespaceId=public&pageNo=1 HTTP/1.1" 200 47 1
127.0.0.1 - - [04/Jul/2024:13:46:05 +0800] "PUT /nacos/v1/ns/instance/beat?app=unknown&serviceName=DEFAULT_GROUP%40%40jeecg-monitor&namespaceId=public&port=9111&clusterName=DEFAULT&ip=192.168.56.1 HTTP/1.1" 200 75 0
127.0.0.1 - - [04/Jul/2024:13:46:10 +0800] "GET /nacos/v1/ns/instance/list?app=unknown&healthyOnly=false&namespaceId=public&clientIP=127.0.0.1&serviceName=DEFAULT_GROUP%40%40jeecg-monitor&udpPort=61939&clusters= HTTP/1.1" 200 649 1
127.0.0.1 - - [04/Jul/2024:13:46:10 +0800] "GET /nacos/v1/ns/instance/list?app=unknown&healthyOnly=false&namespaceId=public&clientIP=127.0.0.1&serviceName=DEFAULT_GROUP%40%40jeecg-monitor&udpPort=61939&clusters=DEFAULT HTTP/1.1" 200 656 1
127.0.0.1 - - [04/Jul/2024:13:46:10 +0800] "PUT /nacos/v1/ns/instance/beat?app=unknown&serviceName=DEFAULT_GROUP%40%40jeecg-monitor&namespaceId=public&port=9111&clusterName=DEFAULT&ip=192.168.56.1 HTTP/1.1" 200 75 0
127.0.0.1 - - [04/Jul/2024:13:46:15 +0800] "PUT /nacos/v1/ns/instance/beat?app=unknown&serviceName=DEFAULT_GROUP%40%40jeecg-monitor&namespaceId=public&port=9111&clusterName=DEFAULT&ip=192.168.56.1 HTTP/1.1" 200 75 2
127.0.0.1 - - [04/Jul/2024:13:46:20 +0800] "GET /nacos/v1/ns/instance/list?app=unknown&healthyOnly=false&namespaceId=public&clientIP=127.0.0.1&serviceName=DEFAULT_GROUP%40%40jeecg-monitor&udpPort=61939&clusters= HTTP/1.1" 200 649 1
127.0.0.1 - - [04/Jul/2024:13:46:20 +0800] "GET /nacos/v1/ns/instance/list?app=unknown&healthyOnly=false&namespaceId=public&clientIP=127.0.0.1&serviceName=DEFAULT_GROUP%40%40jeecg-monitor&udpPort=61939&clusters=DEFAULT HTTP/1.1" 200 656 0
127.0.0.1 - - [04/Jul/2024:13:46:20 +0800] "PUT /nacos/v1/ns/instance/beat?app=unknown&serviceName=DEFAULT_GROUP%40%40jeecg-monitor&namespaceId=public&port=9111&clusterName=DEFAULT&ip=192.168.56.1 HTTP/1.1" 200 75 1
127.0.0.1 - - [04/Jul/2024:13:46:23 +0800] "GET /nacos/v1/ns/operator/metrics?app=unknown&namespaceId=public HTTP/1.1" 200 25 1
127.0.0.1 - - [04/Jul/2024:13:46:23 +0800] "GET /nacos/v1/ns/service/list?app=unknown&pageSize=2147483647&groupName=DEFAULT_GROUP&namespaceId=public&pageNo=1 HTTP/1.1" 200 47 0
127.0.0.1 - - [04/Jul/2024:13:46:25 +0800] "PUT /nacos/v1/ns/instance/beat?app=unknown&serviceName=DEFAULT_GROUP%40%40jeecg-monitor&namespaceId=public&port=9111&clusterName=DEFAULT&ip=192.168.56.1 HTTP/1.1" 200 75 1
127.0.0.1 - - [04/Jul/2024:13:46:30 +0800] "GET /nacos/v1/ns/instance/list?app=unknown&healthyOnly=false&namespaceId=public&clientIP=127.0.0.1&serviceName=DEFAULT_GROUP%40%40jeecg-monitor&udpPort=61939&clusters= HTTP/1.1" 200 649 0
127.0.0.1 - - [04/Jul/2024:13:46:30 +0800] "GET /nacos/v1/ns/instance/list?app=unknown&healthyOnly=false&namespaceId=public&clientIP=127.0.0.1&serviceName=DEFAULT_GROUP%40%40jeecg-monitor&udpPort=61939&clusters=DEFAULT HTTP/1.1" 200 656 1
127.0.0.1 - - [04/Jul/2024:13:46:30 +0800] "PUT /nacos/v1/ns/instance/beat?app=unknown&serviceName=DEFAULT_GROUP%40%40jeecg-monitor&namespaceId=public&port=9111&clusterName=DEFAULT&ip=192.168.56.1 HTTP/1.1" 200 75 3
127.0.0.1 - - [04/Jul/2024:13:46:32 +0800] "GET /nacos/v1/ns/service/list?app=unknown&pageSize=2147483647&groupName=DEFAULT_GROUP&namespaceId=public&pageNo=1 HTTP/1.1" 200 47 1
127.0.0.1 - - [04/Jul/2024:13:46:35 +0800] "PUT /nacos/v1/ns/instance/beat?app=unknown&serviceName=DEFAULT_GROUP%40%40jeecg-monitor&namespaceId=public&port=9111&clusterName=DEFAULT&ip=192.168.56.1 HTTP/1.1" 200 75 1
127.0.0.1 - - [04/Jul/2024:13:46:40 +0800] "GET /nacos/v1/ns/instance/list?app=unknown&healthyOnly=false&namespaceId=public&clientIP=127.0.0.1&serviceName=DEFAULT_GROUP%40%40jeecg-monitor&udpPort=61939&clusters= HTTP/1.1" 200 649 1
127.0.0.1 - - [04/Jul/2024:13:46:40 +0800] "GET /nacos/v1/ns/instance/list?app=unknown&healthyOnly=false&namespaceId=public&clientIP=127.0.0.1&serviceName=DEFAULT_GROUP%40%40jeecg-monitor&udpPort=61939&clusters=DEFAULT HTTP/1.1" 200 656 1
127.0.0.1 - - [04/Jul/2024:13:46:40 +0800] "PUT /nacos/v1/ns/instance/beat?app=unknown&serviceName=DEFAULT_GROUP%40%40jeecg-monitor&namespaceId=public&port=9111&clusterName=DEFAULT&ip=192.168.56.1 HTTP/1.1" 200 75 2
0:0:0:0:0:0:0:1 - - [04/Jul/2024:13:46:41 +0800] "GET /nacos/v1/cs/configs?dataId=&group=&appName=&config_tags=&pageNo=1&pageSize=10&tenant=&search=accurate&accessToken=eyJhbGciOiJIUzI1NiJ9.eyJzdWIiOiJuYWNvcyIsImV4cCI6MTcxODk1MjQzNn0.UVZUogoC4fFN9ZPO7N4UHN5xwGQ2FQXGkaQUGaaj-40&username=nacos HTTP/1.1" 200 11079 5
127.0.0.1 - - [04/Jul/2024:13:46:43 +0800] "GET /nacos/v1/ns/operator/metrics?app=unknown&namespaceId=public HTTP/1.1" 200 25 1
127.0.0.1 - - [04/Jul/2024:13:46:43 +0800] "GET /nacos/v1/ns/service/list?app=unknown&pageSize=2147483647&groupName=DEFAULT_GROUP&namespaceId=public&pageNo=1 HTTP/1.1" 200 47 1
127.0.0.1 - - [04/Jul/2024:13:46:45 +0800] "PUT /nacos/v1/ns/instance/beat?app=unknown&serviceName=DEFAULT_GROUP%40%40jeecg-monitor&namespaceId=public&port=9111&clusterName=DEFAULT&ip=192.168.56.1 HTTP/1.1" 200 75 2
127.0.0.1 - - [04/Jul/2024:13:46:50 +0800] "GET /nacos/v1/ns/instance/list?app=unknown&healthyOnly=false&namespaceId=public&clientIP=127.0.0.1&serviceName=DEFAULT_GROUP%40%40jeecg-monitor&udpPort=61939&clusters= HTTP/1.1" 200 649 1
127.0.0.1 - - [04/Jul/2024:13:46:50 +0800] "GET /nacos/v1/ns/instance/list?app=unknown&healthyOnly=false&namespaceId=public&clientIP=127.0.0.1&serviceName=DEFAULT_GROUP%40%40jeecg-monitor&udpPort=61939&clusters=DEFAULT HTTP/1.1" 200 656 1
127.0.0.1 - - [04/Jul/2024:13:46:50 +0800] "PUT /nacos/v1/ns/instance/beat?app=unknown&serviceName=DEFAULT_GROUP%40%40jeecg-monitor&namespaceId=public&port=9111&clusterName=DEFAULT&ip=192.168.56.1 HTTP/1.1" 200 75 3
0:0:0:0:0:0:0:1 - - [04/Jul/2024:13:46:52 +0800] "GET /nacos/v1/cs/configs?dataId=jeecg-gateway-router.json&group=DEFAULT_GROUP&namespaceId=&tenant=&beta=true&accessToken=eyJhbGciOiJIUzI1NiJ9.eyJzdWIiOiJuYWNvcyIsImV4cCI6MTcxODk1MjQzNn0.UVZUogoC4fFN9ZPO7N4UHN5xwGQ2FQXGkaQUGaaj-40&username=nacos HTTP/1.1" 200 61 17
0:0:0:0:0:0:0:1 - - [04/Jul/2024:13:46:52 +0800] "GET /nacos/v1/cs/configs?dataId=jeecg-gateway-router.json&group=DEFAULT_GROUP&namespaceId=&tenant=&show=all&accessToken=eyJhbGciOiJIUzI1NiJ9.eyJzdWIiOiJuYWNvcyIsImV4cCI6MTcxODk1MjQzNn0.UVZUogoC4fFN9ZPO7N4UHN5xwGQ2FQXGkaQUGaaj-40&username=nacos HTTP/1.1" 200 1639 20
192.168.56.1 - - [04/Jul/2024:13:46:52 +0800] "GET /nacos/v1/cs/communication/configWatchers?&dataId=jeecg-gateway-router.json&group=DEFAULT_GROUP HTTP/1.1" 200 41 223
0:0:0:0:0:0:0:1 - - [04/Jul/2024:13:46:52 +0800] "GET /nacos/v1/cs/configs/listener?dataId=jeecg-gateway-router.json&group=DEFAULT_GROUP&namespaceId=&tenant=&accessToken=eyJhbGciOiJIUzI1NiJ9.eyJzdWIiOiJuYWNvcyIsImV4cCI6MTcxODk1MjQzNn0.UVZUogoC4fFN9ZPO7N4UHN5xwGQ2FQXGkaQUGaaj-40&username=nacos HTTP/1.1" 200 61 314
0:0:0:0:0:0:0:1 - - [04/Jul/2024:13:46:55 +0800] "GET /nacos/v1/cs/configs?dataId=&group=&appName=&config_tags=&pageNo=1&pageSize=10&tenant=&search=accurate&accessToken=eyJhbGciOiJIUzI1NiJ9.eyJzdWIiOiJuYWNvcyIsImV4cCI6MTcxODk1MjQzNn0.UVZUogoC4fFN9ZPO7N4UHN5xwGQ2FQXGkaQUGaaj-40&username=nacos HTTP/1.1" 200 11079 5
127.0.0.1 - - [04/Jul/2024:13:46:55 +0800] "PUT /nacos/v1/ns/instance/beat?app=unknown&serviceName=DEFAULT_GROUP%40%40jeecg-monitor&namespaceId=public&port=9111&clusterName=DEFAULT&ip=192.168.56.1 HTTP/1.1" 200 75 2
0:0:0:0:0:0:0:1 - - [04/Jul/2024:13:46:57 +0800] "GET /nacos/v1/cs/configs?dataId=jeecg-gateway-dev.yaml&group=DEFAULT_GROUP&namespaceId=&tenant=&beta=true&accessToken=eyJhbGciOiJIUzI1NiJ9.eyJzdWIiOiJuYWNvcyIsImV4cCI6MTcxODk1MjQzNn0.UVZUogoC4fFN9ZPO7N4UHN5xwGQ2FQXGkaQUGaaj-40&username=nacos HTTP/1.1" 200 61 5
0:0:0:0:0:0:0:1 - - [04/Jul/2024:13:46:57 +0800] "GET /nacos/v1/cs/configs?dataId=jeecg-gateway-dev.yaml&group=DEFAULT_GROUP&namespaceId=&tenant=&show=all&accessToken=eyJhbGciOiJIUzI1NiJ9.eyJzdWIiOiJuYWNvcyIsImV4cCI6MTcxODk1MjQzNn0.UVZUogoC4fFN9ZPO7N4UHN5xwGQ2FQXGkaQUGaaj-40&username=nacos HTTP/1.1" 200 609 3
192.168.56.1 - - [04/Jul/2024:13:46:57 +0800] "GET /nacos/v1/cs/communication/configWatchers?&dataId=jeecg-gateway-dev.yaml&group=DEFAULT_GROUP HTTP/1.1" 200 41 212
0:0:0:0:0:0:0:1 - - [04/Jul/2024:13:46:57 +0800] "GET /nacos/v1/cs/configs/listener?dataId=jeecg-gateway-dev.yaml&group=DEFAULT_GROUP&namespaceId=&tenant=&accessToken=eyJhbGciOiJIUzI1NiJ9.eyJzdWIiOiJuYWNvcyIsImV4cCI6MTcxODk1MjQzNn0.UVZUogoC4fFN9ZPO7N4UHN5xwGQ2FQXGkaQUGaaj-40&username=nacos HTTP/1.1" 200 61 219
127.0.0.1 - - [04/Jul/2024:13:47:00 +0800] "GET /nacos/v1/ns/instance/list?app=unknown&healthyOnly=false&namespaceId=public&clientIP=127.0.0.1&serviceName=DEFAULT_GROUP%40%40jeecg-monitor&udpPort=61939&clusters= HTTP/1.1" 200 649 1
127.0.0.1 - - [04/Jul/2024:13:47:00 +0800] "GET /nacos/v1/ns/instance/list?app=unknown&healthyOnly=false&namespaceId=public&clientIP=127.0.0.1&serviceName=DEFAULT_GROUP%40%40jeecg-monitor&udpPort=61939&clusters=DEFAULT HTTP/1.1" 200 656 2
127.0.0.1 - - [04/Jul/2024:13:47:00 +0800] "PUT /nacos/v1/ns/instance/beat?app=unknown&serviceName=DEFAULT_GROUP%40%40jeecg-monitor&namespaceId=public&port=9111&clusterName=DEFAULT&ip=192.168.56.1 HTTP/1.1" 200 75 2
127.0.0.1 - - [04/Jul/2024:13:47:02 +0800] "GET /nacos/v1/ns/service/list?app=unknown&pageSize=2147483647&groupName=DEFAULT_GROUP&namespaceId=public&pageNo=1 HTTP/1.1" 200 47 0
127.0.0.1 - - [04/Jul/2024:13:47:03 +0800] "GET /nacos/v1/ns/operator/metrics?app=unknown&namespaceId=public HTTP/1.1" 200 25 1
127.0.0.1 - - [04/Jul/2024:13:47:03 +0800] "GET /nacos/v1/ns/service/list?app=unknown&pageSize=2147483647&groupName=DEFAULT_GROUP&namespaceId=public&pageNo=1 HTTP/1.1" 200 47 0
127.0.0.1 - - [04/Jul/2024:13:47:05 +0800] "PUT /nacos/v1/ns/instance/beat?app=unknown&serviceName=DEFAULT_GROUP%40%40jeecg-monitor&namespaceId=public&port=9111&clusterName=DEFAULT&ip=192.168.56.1 HTTP/1.1" 200 75 2
0:0:0:0:0:0:0:1 - - [04/Jul/2024:13:47:10 +0800] "GET /nacos/v1/cs/configs?dataId=&group=&appName=&config_tags=&pageNo=1&pageSize=10&tenant=&search=accurate&accessToken=eyJhbGciOiJIUzI1NiJ9.eyJzdWIiOiJuYWNvcyIsImV4cCI6MTcxODk1MjQzNn0.UVZUogoC4fFN9ZPO7N4UHN5xwGQ2FQXGkaQUGaaj-40&username=nacos HTTP/1.1" 200 11079 7
127.0.0.1 - - [04/Jul/2024:13:47:10 +0800] "GET /nacos/v1/ns/instance/list?app=unknown&healthyOnly=false&namespaceId=public&clientIP=127.0.0.1&serviceName=DEFAULT_GROUP%40%40jeecg-monitor&udpPort=61939&clusters= HTTP/1.1" 200 649 1
127.0.0.1 - - [04/Jul/2024:13:47:10 +0800] "GET /nacos/v1/ns/instance/list?app=unknown&healthyOnly=false&namespaceId=public&clientIP=127.0.0.1&serviceName=DEFAULT_GROUP%40%40jeecg-monitor&udpPort=61939&clusters=DEFAULT HTTP/1.1" 200 656 1
127.0.0.1 - - [04/Jul/2024:13:47:10 +0800] "PUT /nacos/v1/ns/instance/beat?app=unknown&serviceName=DEFAULT_GROUP%40%40jeecg-monitor&namespaceId=public&port=9111&clusterName=DEFAULT&ip=192.168.56.1 HTTP/1.1" 200 75 1
0:0:0:0:0:0:0:1 - - [04/Jul/2024:13:47:11 +0800] "GET /nacos/v1/cs/configs?dataId=&group=&appName=&config_tags=&pageNo=1&pageSize=10&tenant=a7112341-c9e2-4177-bc5b-0d2e8cf0b3bb&search=accurate&accessToken=eyJhbGciOiJIUzI1NiJ9.eyJzdWIiOiJuYWNvcyIsImV4cCI6MTcxODk1MjQzNn0.UVZUogoC4fFN9ZPO7N4UHN5xwGQ2FQXGkaQUGaaj-40&username=nacos HTTP/1.1" 200 26919 6
0:0:0:0:0:0:0:1 - - [04/Jul/2024:13:47:13 +0800] "GET /nacos/v1/cs/configs?dataId=&group=&appName=&config_tags=&pageNo=1&pageSize=10&tenant=&search=accurate&accessToken=eyJhbGciOiJIUzI1NiJ9.eyJzdWIiOiJuYWNvcyIsImV4cCI6MTcxODk1MjQzNn0.UVZUogoC4fFN9ZPO7N4UHN5xwGQ2FQXGkaQUGaaj-40&username=nacos HTTP/1.1" 200 11079 6
0:0:0:0:0:0:0:1 - - [04/Jul/2024:13:47:14 +0800] "GET /nacos/v1/cs/configs?dataId=&group=&appName=&config_tags=&pageNo=1&pageSize=10&tenant=a7112341-c9e2-4177-bc5b-0d2e8cf0b3bb&search=accurate&accessToken=eyJhbGciOiJIUzI1NiJ9.eyJzdWIiOiJuYWNvcyIsImV4cCI6MTcxODk1MjQzNn0.UVZUogoC4fFN9ZPO7N4UHN5xwGQ2FQXGkaQUGaaj-40&username=nacos HTTP/1.1" 200 26919 6
127.0.0.1 - - [04/Jul/2024:13:47:16 +0800] "PUT /nacos/v1/ns/instance/beat?app=unknown&serviceName=DEFAULT_GROUP%40%40jeecg-monitor&namespaceId=public&port=9111&clusterName=DEFAULT&ip=192.168.56.1 HTTP/1.1" 200 75 1
0:0:0:0:0:0:0:1 - - [04/Jul/2024:13:47:16 +0800] "GET /nacos/v1/cs/configs?dataId=&group=&appName=&config_tags=&pageNo=1&pageSize=10&tenant=&search=accurate&accessToken=eyJhbGciOiJIUzI1NiJ9.eyJzdWIiOiJuYWNvcyIsImV4cCI6MTcxODk1MjQzNn0.UVZUogoC4fFN9ZPO7N4UHN5xwGQ2FQXGkaQUGaaj-40&username=nacos HTTP/1.1" 200 11079 5
127.0.0.1 - - [04/Jul/2024:13:47:20 +0800] "GET /nacos/v1/ns/instance/list?app=unknown&healthyOnly=false&namespaceId=public&clientIP=127.0.0.1&serviceName=DEFAULT_GROUP%40%40jeecg-monitor&udpPort=61939&clusters= HTTP/1.1" 200 649 3
0:0:0:0:0:0:0:1 - - [04/Jul/2024:13:47:20 +0800] "GET /nacos/v1/cs/configs?dataId=&group=&appName=&config_tags=&pageNo=1&pageSize=10&tenant=a7112341-c9e2-4177-bc5b-0d2e8cf0b3bb&search=accurate&accessToken=eyJhbGciOiJIUzI1NiJ9.eyJzdWIiOiJuYWNvcyIsImV4cCI6MTcxODk1MjQzNn0.UVZUogoC4fFN9ZPO7N4UHN5xwGQ2FQXGkaQUGaaj-40&username=nacos HTTP/1.1" 200 26919 6
127.0.0.1 - - [04/Jul/2024:13:47:20 +0800] "GET /nacos/v1/ns/instance/list?app=unknown&healthyOnly=false&namespaceId=public&clientIP=127.0.0.1&serviceName=DEFAULT_GROUP%40%40jeecg-monitor&udpPort=61939&clusters=DEFAULT HTTP/1.1" 200 656 2
127.0.0.1 - - [04/Jul/2024:13:47:21 +0800] "PUT /nacos/v1/ns/instance/beat?app=unknown&serviceName=DEFAULT_GROUP%40%40jeecg-monitor&namespaceId=public&port=9111&clusterName=DEFAULT&ip=192.168.56.1 HTTP/1.1" 200 75 2
127.0.0.1 - - [04/Jul/2024:13:47:23 +0800] "GET /nacos/v1/ns/operator/metrics?app=unknown&namespaceId=public HTTP/1.1" 200 25 1
127.0.0.1 - - [04/Jul/2024:13:47:23 +0800] "GET /nacos/v1/ns/service/list?app=unknown&pageSize=2147483647&groupName=DEFAULT_GROUP&namespaceId=public&pageNo=1 HTTP/1.1" 200 47 0
127.0.0.1 - - [04/Jul/2024:13:47:26 +0800] "PUT /nacos/v1/ns/instance/beat?app=unknown&serviceName=DEFAULT_GROUP%40%40jeecg-monitor&namespaceId=public&port=9111&clusterName=DEFAULT&ip=192.168.56.1 HTTP/1.1" 200 75 4
127.0.0.1 - - [04/Jul/2024:13:47:30 +0800] "GET /nacos/v1/ns/instance/list?app=unknown&healthyOnly=false&namespaceId=public&clientIP=127.0.0.1&serviceName=DEFAULT_GROUP%40%40jeecg-monitor&udpPort=61939&clusters= HTTP/1.1" 200 649 1
127.0.0.1 - - [04/Jul/2024:13:47:30 +0800] "GET /nacos/v1/ns/instance/list?app=unknown&healthyOnly=false&namespaceId=public&clientIP=127.0.0.1&serviceName=DEFAULT_GROUP%40%40jeecg-monitor&udpPort=61939&clusters=DEFAULT HTTP/1.1" 200 656 1
127.0.0.1 - - [04/Jul/2024:13:47:31 +0800] "PUT /nacos/v1/ns/instance/beat?app=unknown&serviceName=DEFAULT_GROUP%40%40jeecg-monitor&namespaceId=public&port=9111&clusterName=DEFAULT&ip=192.168.56.1 HTTP/1.1" 200 75 1
127.0.0.1 - - [04/Jul/2024:13:47:32 +0800] "GET /nacos/v1/ns/service/list?app=unknown&pageSize=2147483647&groupName=DEFAULT_GROUP&namespaceId=public&pageNo=1 HTTP/1.1" 200 47 0
127.0.0.1 - - [04/Jul/2024:13:47:36 +0800] "PUT /nacos/v1/ns/instance/beat?app=unknown&serviceName=DEFAULT_GROUP%40%40jeecg-monitor&namespaceId=public&port=9111&clusterName=DEFAULT&ip=192.168.56.1 HTTP/1.1" 200 75 1
127.0.0.1 - - [04/Jul/2024:13:47:40 +0800] "GET /nacos/v1/ns/instance/list?app=unknown&healthyOnly=false&namespaceId=public&clientIP=127.0.0.1&serviceName=DEFAULT_GROUP%40%40jeecg-monitor&udpPort=61939&clusters= HTTP/1.1" 200 649 0
127.0.0.1 - - [04/Jul/2024:13:47:40 +0800] "GET /nacos/v1/ns/instance/list?app=unknown&healthyOnly=false&namespaceId=public&clientIP=127.0.0.1&serviceName=DEFAULT_GROUP%40%40jeecg-monitor&udpPort=61939&clusters=DEFAULT HTTP/1.1" 200 656 1
127.0.0.1 - - [04/Jul/2024:13:47:41 +0800] "PUT /nacos/v1/ns/instance/beat?app=unknown&serviceName=DEFAULT_GROUP%40%40jeecg-monitor&namespaceId=public&port=9111&clusterName=DEFAULT&ip=192.168.56.1 HTTP/1.1" 200 75 1
127.0.0.1 - - [04/Jul/2024:13:47:43 +0800] "GET /nacos/v1/ns/operator/metrics?app=unknown&namespaceId=public HTTP/1.1" 200 25 1
127.0.0.1 - - [04/Jul/2024:13:47:43 +0800] "GET /nacos/v1/ns/service/list?app=unknown&pageSize=2147483647&groupName=DEFAULT_GROUP&namespaceId=public&pageNo=1 HTTP/1.1" 200 47 0
127.0.0.1 - - [04/Jul/2024:13:47:46 +0800] "PUT /nacos/v1/ns/instance/beat?app=unknown&serviceName=DEFAULT_GROUP%40%40jeecg-monitor&namespaceId=public&port=9111&clusterName=DEFAULT&ip=192.168.56.1 HTTP/1.1" 200 75 1
0:0:0:0:0:0:0:1 - - [04/Jul/2024:13:47:48 +0800] "GET /nacos/v1/cs/configs?&accessToken=eyJhbGciOiJIUzI1NiJ9.eyJzdWIiOiJuYWNvcyIsImV4cCI6MTcxODk1MjQzNn0.UVZUogoC4fFN9ZPO7N4UHN5xwGQ2FQXGkaQUGaaj-40&show=all&dataId=jeecg-gateway-dev.yaml&group=DEFAULT_GROUP&tenant=a7112341-c9e2-4177-bc5b-0d2e8cf0b3bb&namespaceId=a7112341-c9e2-4177-bc5b-0d2e8cf0b3bb HTTP/1.1" 200 - 4
0:0:0:0:0:0:0:1 - - [04/Jul/2024:13:47:48 +0800] "POST /nacos/v1/cs/configs?&accessToken=eyJhbGciOiJIUzI1NiJ9.eyJzdWIiOiJuYWNvcyIsImV4cCI6MTcxODk1MjQzNn0.UVZUogoC4fFN9ZPO7N4UHN5xwGQ2FQXGkaQUGaaj-40 HTTP/1.1" 200 14 115
0:0:0:0:0:0:0:1 - - [04/Jul/2024:13:47:48 +0800] "GET /nacos/v1/cs/configs?dataId=&group=&appName=&config_tags=&pageNo=1&pageSize=10&tenant=a7112341-c9e2-4177-bc5b-0d2e8cf0b3bb&search=accurate&accessToken=eyJhbGciOiJIUzI1NiJ9.eyJzdWIiOiJuYWNvcyIsImV4cCI6MTcxODk1MjQzNn0.UVZUogoC4fFN9ZPO7N4UHN5xwGQ2FQXGkaQUGaaj-40&username=nacos HTTP/1.1" 200 27387 8
127.0.0.1 - - [04/Jul/2024:13:47:50 +0800] "GET /nacos/v1/ns/instance/list?app=unknown&healthyOnly=false&namespaceId=public&clientIP=127.0.0.1&serviceName=DEFAULT_GROUP%40%40jeecg-monitor&udpPort=61939&clusters= HTTP/1.1" 200 649 1
127.0.0.1 - - [04/Jul/2024:13:47:50 +0800] "GET /nacos/v1/ns/instance/list?app=unknown&healthyOnly=false&namespaceId=public&clientIP=127.0.0.1&serviceName=DEFAULT_GROUP%40%40jeecg-monitor&udpPort=61939&clusters=DEFAULT HTTP/1.1" 200 656 1
127.0.0.1 - - [04/Jul/2024:13:47:51 +0800] "PUT /nacos/v1/ns/instance/beat?app=unknown&serviceName=DEFAULT_GROUP%40%40jeecg-monitor&namespaceId=public&port=9111&clusterName=DEFAULT&ip=192.168.56.1 HTTP/1.1" 200 75 2
0:0:0:0:0:0:0:1 - - [04/Jul/2024:13:47:52 +0800] "GET /nacos/v1/cs/configs?dataId=&group=&appName=&config_tags=&pageNo=1&pageSize=10&tenant=&search=accurate&accessToken=eyJhbGciOiJIUzI1NiJ9.eyJzdWIiOiJuYWNvcyIsImV4cCI6MTcxODk1MjQzNn0.UVZUogoC4fFN9ZPO7N4UHN5xwGQ2FQXGkaQUGaaj-40&username=nacos HTTP/1.1" 200 11079 8
0:0:0:0:0:0:0:1 - - [04/Jul/2024:13:47:53 +0800] "GET /nacos/v1/cs/configs?dataId=&group=&appName=&config_tags=&pageNo=1&pageSize=10&tenant=a7112341-c9e2-4177-bc5b-0d2e8cf0b3bb&search=accurate&accessToken=eyJhbGciOiJIUzI1NiJ9.eyJzdWIiOiJuYWNvcyIsImV4cCI6MTcxODk1MjQzNn0.UVZUogoC4fFN9ZPO7N4UHN5xwGQ2FQXGkaQUGaaj-40&username=nacos HTTP/1.1" 200 27387 6
127.0.0.1 - - [04/Jul/2024:13:47:56 +0800] "PUT /nacos/v1/ns/instance/beat?app=unknown&serviceName=DEFAULT_GROUP%40%40jeecg-monitor&namespaceId=public&port=9111&clusterName=DEFAULT&ip=192.168.56.1 HTTP/1.1" 200 75 1
127.0.0.1 - - [04/Jul/2024:13:48:00 +0800] "GET /nacos/v1/ns/instance/list?app=unknown&healthyOnly=false&namespaceId=public&clientIP=127.0.0.1&serviceName=DEFAULT_GROUP%40%40jeecg-monitor&udpPort=61939&clusters= HTTP/1.1" 200 649 1
127.0.0.1 - - [04/Jul/2024:13:48:00 +0800] "GET /nacos/v1/ns/instance/list?app=unknown&healthyOnly=false&namespaceId=public&clientIP=127.0.0.1&serviceName=DEFAULT_GROUP%40%40jeecg-monitor&udpPort=61939&clusters=DEFAULT HTTP/1.1" 200 656 1
127.0.0.1 - - [04/Jul/2024:13:48:01 +0800] "PUT /nacos/v1/ns/instance/beat?app=unknown&serviceName=DEFAULT_GROUP%40%40jeecg-monitor&namespaceId=public&port=9111&clusterName=DEFAULT&ip=192.168.56.1 HTTP/1.1" 200 75 0
127.0.0.1 - - [04/Jul/2024:13:48:02 +0800] "GET /nacos/v1/ns/service/list?app=unknown&pageSize=2147483647&groupName=DEFAULT_GROUP&namespaceId=public&pageNo=1 HTTP/1.1" 200 47 1
127.0.0.1 - - [04/Jul/2024:13:48:03 +0800] "GET /nacos/v1/ns/operator/metrics?app=unknown&namespaceId=public HTTP/1.1" 200 25 1
127.0.0.1 - - [04/Jul/2024:13:48:03 +0800] "GET /nacos/v1/ns/service/list?app=unknown&pageSize=2147483647&groupName=DEFAULT_GROUP&namespaceId=public&pageNo=1 HTTP/1.1" 200 47 1
127.0.0.1 - - [04/Jul/2024:13:48:04 +0800] "GET /nacos/v1/cs/configs?dataId=jeecg-gateway-dev.yaml&tenant=a7112341-c9e2-4177-bc5b-0d2e8cf0b3bb&group=DEFAULT_GROUP HTTP/1.1" 200 262 15
127.0.0.1 - - [04/Jul/2024:13:48:06 +0800] "PUT /nacos/v1/ns/instance/beat?app=unknown&serviceName=DEFAULT_GROUP%40%40jeecg-monitor&namespaceId=public&port=9111&clusterName=DEFAULT&ip=192.168.56.1 HTTP/1.1" 200 75 1
127.0.0.1 - - [04/Jul/2024:13:48:10 +0800] "GET /nacos/v1/ns/instance/list?app=unknown&healthyOnly=false&namespaceId=public&clientIP=127.0.0.1&serviceName=DEFAULT_GROUP%40%40jeecg-monitor&udpPort=61939&clusters= HTTP/1.1" 200 649 1
127.0.0.1 - - [04/Jul/2024:13:48:10 +0800] "GET /nacos/v1/cs/configs?dataId=jeecg-gateway-authority-rules&group=SENTINEL_GROUP HTTP/1.1" 404 23 2
127.0.0.1 - - [04/Jul/2024:13:48:10 +0800] "POST /nacos/v1/cs/configs/listener HTTP/1.1" 200 - 1
127.0.0.1 - - [04/Jul/2024:13:48:10 +0800] "POST /nacos/v1/cs/configs/listener HTTP/1.1" 200 - 2
127.0.0.1 - - [04/Jul/2024:13:48:10 +0800] "GET /nacos/v1/cs/configs?dataId=jeecg-gateway-degrade-rules&group=SENTINEL_GROUP HTTP/1.1" 404 23 3
127.0.0.1 - - [04/Jul/2024:13:48:10 +0800] "GET /nacos/v1/cs/configs?dataId=jeecg-gateway-flow-rules&group=SENTINEL_GROUP HTTP/1.1" 404 23 1
127.0.0.1 - - [04/Jul/2024:13:48:10 +0800] "POST /nacos/v1/cs/configs/listener HTTP/1.1" 200 - 0
127.0.0.1 - - [04/Jul/2024:13:48:10 +0800] "GET /nacos/v1/cs/configs?dataId=jeecg-gateway-api-rules&group=SENTINEL_GROUP HTTP/1.1" 404 23 1
127.0.0.1 - - [04/Jul/2024:13:48:10 +0800] "POST /nacos/v1/cs/configs/listener HTTP/1.1" 200 - 1
127.0.0.1 - - [04/Jul/2024:13:48:10 +0800] "GET /nacos/v1/cs/configs?dataId=jeecg-gateway-flow-rules&group=SENTINEL_GROUP HTTP/1.1" 404 23 2
127.0.0.1 - - [04/Jul/2024:13:48:10 +0800] "POST /nacos/v1/cs/configs/listener HTTP/1.1" 200 - 2
127.0.0.1 - - [04/Jul/2024:13:48:10 +0800] "GET /nacos/v1/cs/configs?dataId=jeecg-gateway-param-rules&group=SENTINEL_GROUP HTTP/1.1" 404 23 5
127.0.0.1 - - [04/Jul/2024:13:48:10 +0800] "GET /nacos/v1/cs/configs?dataId=jeecg-gateway-system-rules&group=SENTINEL_GROUP HTTP/1.1" 404 23 1
127.0.0.1 - - [04/Jul/2024:13:48:10 +0800] "POST /nacos/v1/cs/configs/listener HTTP/1.1" 200 - 1
127.0.0.1 - - [04/Jul/2024:13:48:10 +0800] "GET /nacos/v1/ns/instance/list?app=unknown&healthyOnly=false&namespaceId=a7112341-c9e2-4177-bc5b-0d2e8cf0b3bb&clientIP=127.0.0.1&serviceName=DEFAULT_GROUP%40%40jeecg-gateway&udpPort=61311&clusters=DEFAULT HTTP/1.1" 200 233 2
127.0.0.1 - - [04/Jul/2024:13:48:10 +0800] "GET /nacos/v1/ns/service/list?app=unknown&pageSize=2147483647&groupName=DEFAULT_GROUP&namespaceId=a7112341-c9e2-4177-bc5b-0d2e8cf0b3bb&pageNo=1 HTTP/1.1" 200 92 1
127.0.0.1 - - [04/Jul/2024:13:48:10 +0800] "GET /nacos/v1/ns/service/list?app=unknown&pageSize=2147483647&groupName=DEFAULT_GROUP&namespaceId=a7112341-c9e2-4177-bc5b-0d2e8cf0b3bb&pageNo=1 HTTP/1.1" 200 92 1
127.0.0.1 - - [04/Jul/2024:13:48:10 +0800] "GET /nacos/v1/ns/instance/list?app=unknown&healthyOnly=false&namespaceId=a7112341-c9e2-4177-bc5b-0d2e8cf0b3bb&clientIP=127.0.0.1&serviceName=DEFAULT_GROUP%40%40report-server&udpPort=61311&clusters= HTTP/1.1" 200 603 2
127.0.0.1 - - [04/Jul/2024:13:48:10 +0800] "GET /nacos/v1/ns/instance/list?app=unknown&healthyOnly=false&namespaceId=a7112341-c9e2-4177-bc5b-0d2e8cf0b3bb&clientIP=127.0.0.1&serviceName=DEFAULT_GROUP%40%40infra-server&udpPort=61311&clusters= HTTP/1.1" 200 601 2
127.0.0.1 - - [04/Jul/2024:13:48:10 +0800] "GET /nacos/v1/ns/instance/list?app=unknown&healthyOnly=false&namespaceId=a7112341-c9e2-4177-bc5b-0d2e8cf0b3bb&clientIP=127.0.0.1&serviceName=DEFAULT_GROUP%40%40bpm-server&udpPort=61311&clusters= HTTP/1.1" 200 597 0
127.0.0.1 - - [04/Jul/2024:13:48:10 +0800] "GET /nacos/v1/ns/instance/list?app=unknown&healthyOnly=false&namespaceId=a7112341-c9e2-4177-bc5b-0d2e8cf0b3bb&clientIP=127.0.0.1&serviceName=DEFAULT_GROUP%40%40gateway-server&udpPort=61311&clusters= HTTP/1.1" 200 538 1
127.0.0.1 - - [04/Jul/2024:13:48:10 +0800] "POST /nacos/v1/cs/configs/listener HTTP/1.1" 200 - 2
127.0.0.1 - - [04/Jul/2024:13:48:10 +0800] "GET /nacos/v1/ns/service/list?app=unknown&pageSize=2147483647&groupName=DEFAULT_GROUP&namespaceId=a7112341-c9e2-4177-bc5b-0d2e8cf0b3bb&pageNo=1 HTTP/1.1" 200 92 2
127.0.0.1 - - [04/Jul/2024:13:48:10 +0800] "GET /nacos/v1/ns/instance/list?app=unknown&healthyOnly=false&namespaceId=public&clientIP=127.0.0.1&serviceName=DEFAULT_GROUP%40%40jeecg-monitor&udpPort=61939&clusters=DEFAULT HTTP/1.1" 200 656 1
127.0.0.1 - - [04/Jul/2024:13:48:11 +0800] "PUT /nacos/v1/ns/instance/beat?app=unknown&serviceName=DEFAULT_GROUP%40%40jeecg-monitor&namespaceId=public&port=9111&clusterName=DEFAULT&ip=192.168.56.1 HTTP/1.1" 200 75 1
127.0.0.1 - - [04/Jul/2024:13:48:11 +0800] "GET /nacos/v1/ns/instance/list?app=unknown&healthyOnly=false&namespaceId=a7112341-c9e2-4177-bc5b-0d2e8cf0b3bb&clientIP=127.0.0.1&serviceName=DEFAULT_GROUP%40%40jeecg-gateway&udpPort=61311&clusters=DEFAULT HTTP/1.1" 200 233 1
127.0.0.1 - - [04/Jul/2024:13:48:11 +0800] "GET /nacos/v1/ns/instance/list?app=unknown&healthyOnly=false&namespaceId=a7112341-c9e2-4177-bc5b-0d2e8cf0b3bb&clientIP=127.0.0.1&serviceName=DEFAULT_GROUP%40%40gateway-server&udpPort=61311&clusters= HTTP/1.1" 200 538 0
127.0.0.1 - - [04/Jul/2024:13:48:11 +0800] "GET /nacos/v1/ns/instance/list?app=unknown&healthyOnly=false&namespaceId=a7112341-c9e2-4177-bc5b-0d2e8cf0b3bb&clientIP=127.0.0.1&serviceName=DEFAULT_GROUP%40%40bpm-server&udpPort=61311&clusters= HTTP/1.1" 200 597 0
127.0.0.1 - - [04/Jul/2024:13:48:11 +0800] "GET /nacos/v1/ns/instance/list?app=unknown&healthyOnly=false&namespaceId=a7112341-c9e2-4177-bc5b-0d2e8cf0b3bb&clientIP=127.0.0.1&serviceName=DEFAULT_GROUP%40%40infra-server&udpPort=61311&clusters= HTTP/1.1" 200 601 2
127.0.0.1 - - [04/Jul/2024:13:48:11 +0800] "GET /nacos/v1/ns/instance/list?app=unknown&healthyOnly=false&namespaceId=a7112341-c9e2-4177-bc5b-0d2e8cf0b3bb&clientIP=127.0.0.1&serviceName=DEFAULT_GROUP%40%40report-server&udpPort=61311&clusters= HTTP/1.1" 200 603 1
127.0.0.1 - - [04/Jul/2024:13:48:12 +0800] "POST /nacos/v1/ns/instance?app=unknown&groupName=DEFAULT_GROUP&metadata=%7B%22preserved.register.source%22%3A%22SPRING_CLOUD%22%7D&namespaceId=a7112341-c9e2-4177-bc5b-0d2e8cf0b3bb&port=9999&enable=true&healthy=true&clusterName=DEFAULT&ip=192.168.56.1&weight=1.0&ephemeral=true&serviceName=DEFAULT_GROUP%40%40jeecg-gateway HTTP/1.1" 200 2 2
127.0.0.1 - - [04/Jul/2024:13:48:12 +0800] "GET /nacos/v1/ns/service/list?app=unknown&pageSize=2147483647&groupName=DEFAULT_GROUP&namespaceId=a7112341-c9e2-4177-bc5b-0d2e8cf0b3bb&pageNo=1 HTTP/1.1" 200 108 1
127.0.0.1 - - [04/Jul/2024:13:48:12 +0800] "GET /nacos/v1/ns/service/list?app=unknown&pageSize=2147483647&groupName=DEFAULT_GROUP&namespaceId=a7112341-c9e2-4177-bc5b-0d2e8cf0b3bb&pageNo=1 HTTP/1.1" 200 108 1
127.0.0.1 - - [04/Jul/2024:13:48:12 +0800] "GET /nacos/v1/ns/instance/list?app=unknown&healthyOnly=false&namespaceId=a7112341-c9e2-4177-bc5b-0d2e8cf0b3bb&clientIP=127.0.0.1&serviceName=DEFAULT_GROUP%40%40jeecg-gateway&udpPort=61311&clusters= HTTP/1.1" 200 605 1
127.0.0.1 - - [04/Jul/2024:13:48:12 +0800] "DELETE /nacos/v1/ns/instance?app=unknown&namespaceId=a7112341-c9e2-4177-bc5b-0d2e8cf0b3bb&port=9999&clusterName=DEFAULT&ip=192.168.56.1&ephemeral=true&serviceName=DEFAULT_GROUP%40%40jeecg-gateway HTTP/1.1" 200 2 1
127.0.0.1 - - [04/Jul/2024:13:48:13 +0800] "GET /nacos/v1/ns/instance/list?app=unknown&healthyOnly=false&namespaceId=a7112341-c9e2-4177-bc5b-0d2e8cf0b3bb&clientIP=127.0.0.1&serviceName=DEFAULT_GROUP%40%40jeecg-gateway&udpPort=61311&clusters= HTTP/1.1" 200 226 2
127.0.0.1 - - [04/Jul/2024:13:48:13 +0800] "GET /nacos/v1/ns/instance/list?app=unknown&healthyOnly=false&namespaceId=a7112341-c9e2-4177-bc5b-0d2e8cf0b3bb&clientIP=127.0.0.1&serviceName=DEFAULT_GROUP%40%40jeecg-gateway&udpPort=61311&clusters=DEFAULT HTTP/1.1" 200 233 1
127.0.0.1 - - [04/Jul/2024:13:48:15 +0800] "GET /nacos/v1/ns/instance/list?app=unknown&healthyOnly=false&namespaceId=a7112341-c9e2-4177-bc5b-0d2e8cf0b3bb&clientIP=127.0.0.1&serviceName=DEFAULT_GROUP%40%40jeecg-gateway&udpPort=61311&clusters= HTTP/1.1" 200 226 1
127.0.0.1 - - [04/Jul/2024:13:48:16 +0800] "PUT /nacos/v1/ns/instance/beat?app=unknown&serviceName=DEFAULT_GROUP%40%40jeecg-monitor&namespaceId=public&port=9111&clusterName=DEFAULT&ip=192.168.56.1 HTTP/1.1" 200 75 2
127.0.0.1 - - [04/Jul/2024:13:48:17 +0800] "GET /nacos/v1/ns/instance/list?app=unknown&healthyOnly=false&namespaceId=a7112341-c9e2-4177-bc5b-0d2e8cf0b3bb&clientIP=127.0.0.1&serviceName=DEFAULT_GROUP%40%40jeecg-gateway&udpPort=61311&clusters=DEFAULT HTTP/1.1" 200 233 1
127.0.0.1 - - [04/Jul/2024:13:48:20 +0800] "GET /nacos/v1/ns/instance/list?app=unknown&healthyOnly=false&namespaceId=public&clientIP=127.0.0.1&serviceName=DEFAULT_GROUP%40%40jeecg-monitor&udpPort=61939&clusters= HTTP/1.1" 200 649 2
127.0.0.1 - - [04/Jul/2024:13:48:20 +0800] "GET /nacos/v1/ns/instance/list?app=unknown&healthyOnly=false&namespaceId=public&clientIP=127.0.0.1&serviceName=DEFAULT_GROUP%40%40jeecg-monitor&udpPort=61939&clusters=DEFAULT HTTP/1.1" 200 656 2
127.0.0.1 - - [04/Jul/2024:13:48:21 +0800] "PUT /nacos/v1/ns/instance/beat?app=unknown&serviceName=DEFAULT_GROUP%40%40jeecg-monitor&namespaceId=public&port=9111&clusterName=DEFAULT&ip=192.168.56.1 HTTP/1.1" 200 75 1
127.0.0.1 - - [04/Jul/2024:13:48:23 +0800] "GET /nacos/v1/ns/operator/metrics?app=unknown&namespaceId=public HTTP/1.1" 200 25 3
127.0.0.1 - - [04/Jul/2024:13:48:23 +0800] "GET /nacos/v1/ns/service/list?app=unknown&pageSize=2147483647&groupName=DEFAULT_GROUP&namespaceId=public&pageNo=1 HTTP/1.1" 200 47 0
127.0.0.1 - - [04/Jul/2024:13:48:26 +0800] "PUT /nacos/v1/ns/instance/beat?app=unknown&serviceName=DEFAULT_GROUP%40%40jeecg-monitor&namespaceId=public&port=9111&clusterName=DEFAULT&ip=192.168.56.1 HTTP/1.1" 200 75 3
127.0.0.1 - - [04/Jul/2024:13:48:30 +0800] "GET /nacos/v1/ns/instance/list?app=unknown&healthyOnly=false&namespaceId=public&clientIP=127.0.0.1&serviceName=DEFAULT_GROUP%40%40jeecg-monitor&udpPort=61939&clusters= HTTP/1.1" 200 649 1
127.0.0.1 - - [04/Jul/2024:13:48:30 +0800] "GET /nacos/v1/ns/instance/list?app=unknown&healthyOnly=false&namespaceId=public&clientIP=127.0.0.1&serviceName=DEFAULT_GROUP%40%40jeecg-monitor&udpPort=61939&clusters=DEFAULT HTTP/1.1" 200 656 1
127.0.0.1 - - [04/Jul/2024:13:48:31 +0800] "PUT /nacos/v1/ns/instance/beat?app=unknown&serviceName=DEFAULT_GROUP%40%40jeecg-monitor&namespaceId=public&port=9111&clusterName=DEFAULT&ip=192.168.56.1 HTTP/1.1" 200 75 3
127.0.0.1 - - [04/Jul/2024:13:48:32 +0800] "GET /nacos/v1/ns/service/list?app=unknown&pageSize=2147483647&groupName=DEFAULT_GROUP&namespaceId=public&pageNo=1 HTTP/1.1" 200 47 3
127.0.0.1 - - [04/Jul/2024:13:48:36 +0800] "PUT /nacos/v1/ns/instance/beat?app=unknown&serviceName=DEFAULT_GROUP%40%40jeecg-monitor&namespaceId=public&port=9111&clusterName=DEFAULT&ip=192.168.56.1 HTTP/1.1" 200 75 0
127.0.0.1 - - [04/Jul/2024:13:48:40 +0800] "POST /nacos/v1/cs/configs/listener HTTP/1.1" 500 - 29513
127.0.0.1 - - [04/Jul/2024:13:48:40 +0800] "POST /nacos/v1/cs/configs/listener HTTP/1.1" 500 - 29505
127.0.0.1 - - [04/Jul/2024:13:48:40 +0800] "POST /nacos/v1/cs/configs/listener HTTP/1.1" 500 - 29510
127.0.0.1 - - [04/Jul/2024:13:48:40 +0800] "POST /nacos/v1/cs/configs/listener HTTP/1.1" 500 - 29516
127.0.0.1 - - [04/Jul/2024:13:48:40 +0800] "POST /nacos/v1/cs/configs/listener HTTP/1.1" 500 - 29504
127.0.0.1 - - [04/Jul/2024:13:48:40 +0800] "POST /nacos/v1/cs/configs/listener HTTP/1.1" 500 - 29507
127.0.0.1 - - [04/Jul/2024:13:48:40 +0800] "GET /nacos/v1/ns/instance/list?app=unknown&healthyOnly=false&namespaceId=public&clientIP=127.0.0.1&serviceName=DEFAULT_GROUP%40%40jeecg-monitor&udpPort=61939&clusters= HTTP/1.1" 200 649 2
127.0.0.1 - - [04/Jul/2024:13:48:40 +0800] "POST /nacos/v1/cs/configs/listener HTTP/1.1" 500 - 29511
127.0.0.1 - - [04/Jul/2024:13:48:40 +0800] "GET /nacos/v1/ns/instance/list?app=unknown&healthyOnly=false&namespaceId=public&clientIP=127.0.0.1&serviceName=DEFAULT_GROUP%40%40jeecg-monitor&udpPort=61939&clusters=DEFAULT HTTP/1.1" 200 656 1
127.0.0.1 - - [04/Jul/2024:13:48:41 +0800] "PUT /nacos/v1/ns/instance/beat?app=unknown&serviceName=DEFAULT_GROUP%40%40jeecg-monitor&namespaceId=public&port=9111&clusterName=DEFAULT&ip=192.168.56.1 HTTP/1.1" 200 75 1
0:0:0:0:0:0:0:1 - - [04/Jul/2024:13:48:42 +0800] "GET /nacos/v1/cs/configs?dataId=jeecg-gateway-dev.yaml&group=DEFAULT_GROUP&namespaceId=a7112341-c9e2-4177-bc5b-0d2e8cf0b3bb&tenant=a7112341-c9e2-4177-bc5b-0d2e8cf0b3bb&beta=true&accessToken=eyJhbGciOiJIUzI1NiJ9.eyJzdWIiOiJuYWNvcyIsImV4cCI6MTcxODk1MjQzNn0.UVZUogoC4fFN9ZPO7N4UHN5xwGQ2FQXGkaQUGaaj-40&username=nacos HTTP/1.1" 200 61 6
0:0:0:0:0:0:0:1 - - [04/Jul/2024:13:48:42 +0800] "GET /nacos/v1/cs/configs?dataId=jeecg-gateway-dev.yaml&group=DEFAULT_GROUP&namespaceId=a7112341-c9e2-4177-bc5b-0d2e8cf0b3bb&tenant=a7112341-c9e2-4177-bc5b-0d2e8cf0b3bb&show=all&accessToken=eyJhbGciOiJIUzI1NiJ9.eyJzdWIiOiJuYWNvcyIsImV4cCI6MTcxODk1MjQzNn0.UVZUogoC4fFN9ZPO7N4UHN5xwGQ2FQXGkaQUGaaj-40&username=nacos HTTP/1.1" 200 679 3
192.168.56.1 - - [04/Jul/2024:13:48:42 +0800] "GET /nacos/v1/cs/communication/configWatchers?&dataId=jeecg-gateway-dev.yaml&tenant=a7112341-c9e2-4177-bc5b-0d2e8cf0b3bb&group=DEFAULT_GROUP HTTP/1.1" 200 41 216
0:0:0:0:0:0:0:1 - - [04/Jul/2024:13:48:42 +0800] "GET /nacos/v1/cs/configs/listener?dataId=jeecg-gateway-dev.yaml&group=DEFAULT_GROUP&namespaceId=a7112341-c9e2-4177-bc5b-0d2e8cf0b3bb&tenant=a7112341-c9e2-4177-bc5b-0d2e8cf0b3bb&accessToken=eyJhbGciOiJIUzI1NiJ9.eyJzdWIiOiJuYWNvcyIsImV4cCI6MTcxODk1MjQzNn0.UVZUogoC4fFN9ZPO7N4UHN5xwGQ2FQXGkaQUGaaj-40&username=nacos HTTP/1.1" 200 61 221
127.0.0.1 - - [04/Jul/2024:13:48:43 +0800] "GET /nacos/v1/ns/operator/metrics?app=unknown&namespaceId=public HTTP/1.1" 200 25 3
127.0.0.1 - - [04/Jul/2024:13:48:43 +0800] "GET /nacos/v1/ns/service/list?app=unknown&pageSize=2147483647&groupName=DEFAULT_GROUP&namespaceId=public&pageNo=1 HTTP/1.1" 200 47 1
127.0.0.1 - - [04/Jul/2024:13:48:46 +0800] "PUT /nacos/v1/ns/instance/beat?app=unknown&serviceName=DEFAULT_GROUP%40%40jeecg-monitor&namespaceId=public&port=9111&clusterName=DEFAULT&ip=192.168.56.1 HTTP/1.1" 200 75 0
127.0.0.1 - - [04/Jul/2024:13:48:50 +0800] "GET /nacos/v1/ns/instance/list?app=unknown&healthyOnly=false&namespaceId=public&clientIP=127.0.0.1&serviceName=DEFAULT_GROUP%40%40jeecg-monitor&udpPort=61939&clusters= HTTP/1.1" 200 649 1
